hat is -137734 - 1527?
-141463
In base 8, what is -72741056 - 5?
-72741063
In base 3, what is -10010101210 + -102110?
-10010211020
In base 7, what is -21242 + 236102?
214530
In base 3, what is -1122100 + -112212000?
-121111100
In base 2, what is 110111 + 111110001010111000100000?
111110001010111001010111
In base 14, what is b66 - -2b51?
38b7
In base 9, what is -5215075866 - -5?
-5215075861
In base 2, what is -10100100000 - 1010001111111000?
-1010100100011000
In base 5, what is -1 - 3411241?
-3411242
In base 8, what is 7 + 47071337?
47071346
In base 14, what is -10d4ab - 13?
-10d4c0
In base 8, what is -2457517 + 42?
-2457455
In base 8, what is 5544 - -4740?
12504
In base 12, what is 1b + -818ab3?
-818a94
In base 10, what is -22538 + -870?
-23408
In base 3, what is 11101201100 - -2022?
11101210122
In base 7, what is 203 - -33605?
34111
In base 9, what is -13323 - -421?
-12802
In base 8, what is 23 - -1122667?
1122712
In base 12, what is -3b74 - 750a0?
-79054
In base 5, what is 0 - 444312404?
-444312404
In base 13, what is -109449b2 - -4?
-109449ab
In base 9, what is 27172724 - -3?
27172727
In base 2, what is 101 - 10010111011100111011111100?
-10010111011100111011110111
In base 2, what is -1111000101101100 - -100011010?
-1111000001010010
In base 6, what is 541 + 1254040?
1255021
In base 8, what is -1 + 10175410?
10175407
In base 15, what is -1c3b8eea + 4?
-1c3b8ee6
In base 15, what is 5e2 + -8ac?
-2ba
In base 5, what is 4 + -40303300100?
-40303300041
In base 4, what is 1132222320 - -1222?
1132230202
In base 13, what is 1815a3 + -530?
181073
In base 14, what is 716 - -23b7?
2acd
In base 13, what is -16b8 + -614?
-1ccc
In base 13, what is 1cbb3a64 + -4?
1cbb3a60
In base 14, what is -843a - -2287?
-6193
In base 13, what is 72 + 3616?
3688
In base 4, what is 23322 + 3113232?
3203220
In base 6, what is -4 + 23204321354?
23204321350
In base 13, what is -652ab6 + 7?
-652aac
In base 9, what is 6 - 1180833?
-1180826
In base 13, what is -b88 - -1666?
7ab
In base 10, what is 1114 + 168470?
169584
In base 10, what is -1401315078 - 4?
-1401315082
In base 8, what is 111351 + -366?
110763
In base 6, what is -3 - 2355550133?
-2355550140
In base 16, what is 12fd2a - 1d0?
12fb5a
In base 7, what is 116450 - -452?
120232
In base 3, what is 2202 - -202112?
212021
In base 16, what is -48 + 281de?
28196
In base 10, what is -8328 - 4972?
-13300
In base 13, what is -127b75 + 7b?
-127ac7
In base 15, what is 0 - -2077ee7?
2077ee7
In base 13, what is 1184 + -2132?
-c7b
In base 4, what is 20023300 + -3012?
20020222
In base 8, what is -551 + -5707?
-6460
In base 11, what is 54530a + aa?
545409
In base 5, what is 213240324 + -40?
213240234
In base 13, what is -3209b13 + 4?
-3209b0c
In base 11, what is -4100 - 5785?
-9885
In base 10, what is 1117 - -104156?
105273
In base 9, what is 5 + -11274880?
-11274874
In base 11, what is 16 + 1044353?
1044369
In base 14, what is -6504d - -92?
-64d9b
In base 14, what is 119 - 67c02?
-67ac7
In base 13, what is 1428 + 5a395?
5b7c0
In base 15, what is 1 + -1a5579?
-1a5578
In base 7, what is -1023614 - -203?
-1023411
In base 6, what is -4040 + 2404450?
2400410
In base 10, what is 221 + 8316?
8537
In base 6, what is -34240 - 4232?
-42512
In base 2, what is 111110 + 1000001000111001?
1000001001110111
In base 16, what is -60bc26 - -8?
-60bc1e
In base 8, what is 2306 - -20434?
22742
In base 7, what is 15236 - -265134?
313403
In base 7, what is -133210110 + 4?
-133210103
In base 10, what is 131 - 10315966?
-10315835
In base 9, what is 211642 - -135?
211777
In base 3, what is -1 + 10102210212022210?
10102210212022202
In base 15, what is -4c627 + -14?
-4c63b
In base 8, what is -175 + -461046?
-461243
In base 13, what is -4c9 + -96b4?
-9bb0
In base 6, what is -110 + -211240441?
-211240551
In base 4, what is -211200333 - 13002?
-211220001
In base 16, what is -c - -34013c?
340130
In base 8, what is -31220024 - -11?
-31220013
In base 9, what is 8 - -4310863?
4310872
In base 14, what is 889020a - 3?
8890207
In base 16, what is 28 - -a8862?
a888a
In base 9, what is -1 + 4624042?
4624041
In base 11, what is -31061 + 116a?
-2a9a2
In base 8, what is 115 - -45437?
45554
In base 11, what is -58097 + -9?
-580a5
In base 2, what is -11 - 100010010000110101011000101?
-100010010000110101011001000
In base 9, what is -40111 + -15165?
-55276
In base 7, what is 20023536 + -11?
20023525
In base 12, what is 0 - 2005b74?
-2005b74
In base 9, what is 2638625782 + -4?
2638625777
In base 15, what is 1db3 + -497?
191b
In base 13, what is -260a6ba + 4?
-260a6b6
In base 2, what is 10111 - -1010110000100110101010?
1010110000100111000001
In base 10, what is -616122 - 1?
-616123
In base 4, what is 11120 - 13200213?
-13123033
In base 6, what is 132150303544 - -1?
132150303545
In base 3, what is -100012202001011220 + 10?
-100012202001011210
In base 3, what is 1020101001 - -1202202?
1022010210
In base 12, what is -1 + 13507180?
1350717b
In base 4, what is -1 + 2303311231?
2303311230
In base 3, what is 12 + -102211202020011?
-102211202012222
In base 2, what is 10100 + 100011011100000110110?
100011011100001001010
In base 9, what is -3 + -83260244?
-83260247
In base 16, what is 20d - 863b1?
-861a4
In base 6, what is 22523 + 14321?
41244
In base 16, what is -186d5c - -8?
-186d54
In base 2, what is -1000000011110010 - -100101001110?
-111011110100100
In base 6, what is 12153110533 - 2?
12153110531
In base 2, what is 101 + -11000001010000110011100?
-11000001010000110010111
In base 2, what is 1101001010100 + -110010010?
1100011000010
In base 14, what is 5 + -a99d13?
-a99d0c
In base 10, what is -1860910 - 78?
-1860988
In base 5, what is 2300430 - -2120?
2303100
In base 4, what is 31 + 1003201032?
1003201123
In base 4, what is 1033020101202 + -1?
1033020101201
In base 4, what is -120 - 22010130030?
-22010130210
In base 12, what is -77b59 + 205?
-77954
In base 2, what is -1 - -1010110011101111111?
1010110011101111110
In base 8, what is -220160413 - -5?
-220160406
In base 12, what is -402 - -737a3?
733a1
In base 8, what is -1266 - -10451?
7163
In base 7, what is -642566064 - -2?
-642566062
In base 10, what is -10897 + 2826?
-8071
In base 3, what is 110000200001201 + -2?
110000200001122
In base 10, what is -18479 + -18547?
-37026
In base 14, what is -4 + -1705786?
-170578a
In base 7, what is 2 - 55425141?
-55425136
In base 12, what is -44 + 106814?
106790
In base 5, what is -1003332010 - 41?
-1003332101
In base 11, what is -691354 + -3a4?
-691748
In base 13, what is -5 + -aac984b?
-aac9853
In base 3, what is -20010011111 - 10?
-20010011121
In base 16, what is 30 + -931279?
-931249
In base 2, what is 1101101111010110100010100 + 11?
1101101111010110100010111
In base 16, what is b - 29ce93?
-29ce88
In base 4, what is 101 - -1201220202?
1201220303
In base 10, what is 172599445 + 4?
172599449
In base 8, what is 34 - -737242?
737276
In base 3, what is -12211011 + 12012212?
-121022
In base 14, what is -376 + 39c64?
398cc
In base 8, what is -70113165 + -36?
-70113223
In base 10, what is -60847 + -402?
-61249
In base 9, what is 568 + -31081?
-30412
In base 2, what is 111001 + -100000101110101001110?
-100000101110100010101
In base 11, what is -91 - -179912?
179831
In base 6, what is 43423052 + 2301?
43425353
In base 11, what is 3579045 - 2?
3579043
In base 8, what is -135456124 - 2?
-135456126
In base 16, what is df462 - -3d2?
df834
In base 16, what is 1 + 29816cb?
29816cc
In base 13, what is -394449 + -5?
-394451
In base 8, what is -51 + -3057447?
-3057520
In base 12, what is -221b04b + 1?
-221b04a
In base 3, what is -200 - -22010020000?
22010012100
In base 10, what is -2119429422 + 1?
-2119429421
In base 15, what is 0 - 576c6?
-576c6
In base 2, what is -10 + -1010100001011001011010111?
-1010100001011001011011001
In base 14, what is 368d + -35a?
3333
In base 6, what is -4 - -34102545?
34102541
In base 5, what is 1111334031213 - -2?
1111334031220
In base 4, what is 1221232 - 220300?
1000332
In base 9, what is 8 - 2170834?
-2170825
In base 8, what is 4104542 + -220?
4104322
In base 9, what is -6 - 2872556?
-2872563
In base 13, what is 661b + 408?
6a26
In base 5, what is 2404343 - -31332?
2441230
In base 6, what is -4313012005 + 4?
-4313012001
In base 16, what is -30a + fd3?
cc9
In base 9, what is 625238 